{"id":2,"date":"2022-03-08T12:42:32","date_gmt":"2022-03-08T12:42:32","guid":{"rendered":"http:\/\/virtuva.uva.es\/site\/?page_id=2"},"modified":"2026-03-26T12:21:05","modified_gmt":"2026-03-26T12:21:05","slug":"formacion-profesorado","status":"publish","type":"page","link":"https:\/\/virtuva.uva.es\/site\/formacion-permanente\/formacion-profesorado\/","title":{"rendered":"Formaci\u00f3n del profesorado"},"content":{"rendered":"\n<div class=\"wp-block-query is-layout-flow wp-block-query-is-layout-flow\"><ul class=\"columns-2 wp-block-post-template is-layout-grid wp-container-core-post-template-is-layout-17361a50 wp-block-post-template-is-layout-grid\"><li class=\"wp-block-post post-3418 post type-post status-publish format-standard has-post-thumbnail hentry category-formacion-permanente category-formacion-pdi\">\n\n<div class=\"wp-block-group p-4 bg-light\"><div class=\"wp-block-group__inner-container is-layout-flow wp-block-group-is-layout-flow\"><h2 style=\"font-style:normal;font-weight:300;letter-spacing:1px;\" class=\"has-text-align-center text-dark wp-block-post-title has-medium-font-size\">Plan de formaci\u00f3n PDI en competencias digitales \u2013 Segundo semestre 25-26<\/h2>\n\n<div class=\"entry-content text-center wp-block-post-content is-layout-flow wp-block-post-content-is-layout-flow\">\n<p class=\"has-text-align-center\"><a href=\"http:\/\/virtuva.uva.es\/site\/wp-content\/uploads\/2026\/03\/PLAN-DE-FORMACION-EN-COMPETENCIAS-DIGITALES-PDI-2o-SEM-2526-FINAL-1-1-1.pdf\" target=\"_blank\" rel=\"noreferrer noopener\"><strong>Descargar el plan de formaci\u00f3n del segundo semestre del curso acad\u00e9mico 25-26<\/strong><\/a><\/p>\n<\/div>\n\n\n<div style=\"height:24px\" aria-hidden=\"true\" class=\"wp-block-spacer\"><\/div>\n\n\n<figure style=\"height:400px;\" class=\"wp-block-post-featured-image\"><a href=\"https:\/\/virtuva.uva.es\/site\/plan-de-formacion-pdi-en-competencias-digitales-segundo-semestre-25-26\/\" target=\"_self\"  style=\"height:400px\"><img loading=\"lazy\" decoding=\"async\" width=\"632\" height=\"892\" src=\"https:\/\/virtuva.uva.es\/site\/wp-content\/uploads\/2026\/02\/Imagen-plan-de-formacion-CD-PDI-modificada.png\" class=\"attachment-post-thumbnail size-post-thumbnail wp-post-image\" alt=\"Plan de formaci\u00f3n PDI en competencias digitales \u2013 Segundo semestre 25-26\" style=\"height:400px;object-fit:contain;\" srcset=\"https:\/\/virtuva.uva.es\/site\/wp-content\/uploads\/2026\/02\/Imagen-plan-de-formacion-CD-PDI-modificada.png 632w, https:\/\/virtuva.uva.es\/site\/wp-content\/uploads\/2026\/02\/Imagen-plan-de-formacion-CD-PDI-modificada-213x300.png 213w\" sizes=\"auto, (max-width: 632px) 100vw, 632px\" \/><\/a><\/figure>\n\n\n<div style=\"height:31px\" aria-hidden=\"true\" class=\"wp-block-spacer\"><\/div>\n<\/div><\/div>\n\n<\/li><li class=\"wp-block-post post-3393 post type-post status-publish format-standard has-post-thumbnail hentry category-formacion-permanente category-formacion-pdi\">\n\n<div class=\"wp-block-group p-4 bg-light\"><div class=\"wp-block-group__inner-container is-layout-flow wp-block-group-is-layout-flow\"><h2 style=\"font-style:normal;font-weight:300;letter-spacing:1px;\" class=\"has-text-align-center text-dark wp-block-post-title has-medium-font-size\">Plan de formacion del profesorado \u2013 Segundo semestre 25-26<\/h2>\n\n<div class=\"entry-content text-center wp-block-post-content is-layout-flow wp-block-post-content-is-layout-flow\">\n<p class=\"has-text-align-center mt-2\"><a href=\"http:\/\/virtuva.uva.es\/site\/wp-content\/uploads\/2026\/02\/PLAN-DE-FORMACION-PDI-2o-SEMESTRE_2-FINAL.pdf\" target=\"_blank\" rel=\"noreferrer noopener\"><strong>Descargar el plan de formaci\u00f3n del segundo semestre del curso acad\u00e9mico 25-26<\/strong><\/a><\/p>\n<\/div>\n\n\n<div style=\"height:24px\" aria-hidden=\"true\" class=\"wp-block-spacer\"><\/div>\n\n\n<figure style=\"height:400px;\" class=\"wp-block-post-featured-image\"><a href=\"https:\/\/virtuva.uva.es\/site\/plan-de-formacion-del-profesorado-segundo-semestre-25-26\/\" target=\"_self\"  style=\"height:400px\"><img loading=\"lazy\" decoding=\"async\" width=\"1810\" height=\"2560\" src=\"https:\/\/virtuva.uva.es\/site\/wp-content\/uploads\/2026\/01\/PLAN-DE-FORMACION-PDI-2o-SEMESTRE_25_26-scaled.png\" class=\"attachment-post-thumbnail size-post-thumbnail wp-post-image\" alt=\"Plan de formacion del profesorado \u2013 Segundo semestre 25-26\" style=\"height:400px;object-fit:contain;\" srcset=\"https:\/\/virtuva.uva.es\/site\/wp-content\/uploads\/2026\/01\/PLAN-DE-FORMACION-PDI-2o-SEMESTRE_25_26-scaled.png 1810w, https:\/\/virtuva.uva.es\/site\/wp-content\/uploads\/2026\/01\/PLAN-DE-FORMACION-PDI-2o-SEMESTRE_25_26-212x300.png 212w, https:\/\/virtuva.uva.es\/site\/wp-content\/uploads\/2026\/01\/PLAN-DE-FORMACION-PDI-2o-SEMESTRE_25_26-724x1024.png 724w, https:\/\/virtuva.uva.es\/site\/wp-content\/uploads\/2026\/01\/PLAN-DE-FORMACION-PDI-2o-SEMESTRE_25_26-768x1086.png 768w, https:\/\/virtuva.uva.es\/site\/wp-content\/uploads\/2026\/01\/PLAN-DE-FORMACION-PDI-2o-SEMESTRE_25_26-1086x1536.png 1086w, https:\/\/virtuva.uva.es\/site\/wp-content\/uploads\/2026\/01\/PLAN-DE-FORMACION-PDI-2o-SEMESTRE_25_26-1448x2048.png 1448w\" sizes=\"auto, (max-width: 1810px) 100vw, 1810px\" \/><\/a><\/figure>\n\n\n<div style=\"height:31px\" aria-hidden=\"true\" class=\"wp-block-spacer\"><\/div>\n<\/div><\/div>\n\n<\/li><\/ul>\n\n<\/div>\n\n\n\n<div class=\"wp-block-group\"><div class=\"wp-block-group__inner-container is-layout-flow wp-block-group-is-layout-flow\">\n<div style=\"height:46px\" aria-hidden=\"true\" class=\"wp-block-spacer\"><\/div>\n\n\n\n<h2 class=\"wp-block-heading\">Solicitud de cursos de formaci\u00f3n docente<\/h2>\n\n\n\n<p>Si tu titulaci\u00f3n o Centro necesita cursos de formaci\u00f3n espec\u00edfica, puedes enviar tu propuesta a nuestra direcci\u00f3n de correo electr\u00f3nico: <strong>virtuva@uva.es<\/strong>.<\/p>\n\n\n\n<p>La modalidad de los cursos puede ser presencial, semipresencial o completamente virtual.<\/p>\n\n\n\n<p>La financiaci\u00f3n de estos \u00abcursos a medida\u00bb debe ser asumida a partes iguales por el Centro solicitante y el Centro VirtUVa. Si ten\u00e9is claro el posible formador\/ponente lo pod\u00e9is sugerir, y si no lo ten\u00e9is pero detect\u00e1is una necesidad espec\u00edfica, lo buscaremos en nuestras bases de datos y redes de profesores colaboradores.<\/p>\n<\/div><\/div>\n\n\n\n<div class=\"wp-block-query is-layout-flow wp-block-query-is-layout-flow\"><\/div>\n\n\n\n<div style=\"height:43px\" aria-hidden=\"true\" class=\"wp-block-spacer\"><\/div>\n\n\n\n<h2 class=\"wp-block-heading\">Hist\u00f3rico de planes de formaci\u00f3n del profesorado<\/h2>\n\n\n\n<div class=\"wp-block-query is-layout-flow wp-block-query-is-layout-flow\"><ul class=\"columns-4 wp-block-post-template is-layout-grid wp-container-core-post-template-is-layout-b954fd2f wp-block-post-template-is-layout-grid\"><li class=\"wp-block-post post-3052 post type-post status-publish format-standard has-post-thumbnail hentry category-formacion-permanente category-formacion-pdi\">\n<figure class=\"wp-block-post-featured-image\"><a href=\"https:\/\/virtuva.uva.es\/site\/plan-de-formacion-pdi-en-competencias-digitales-primer-semestre-25-26\/\" target=\"_self\"  ><img loading=\"lazy\" decoding=\"async\" width=\"626\" height=\"880\" src=\"https:\/\/virtuva.uva.es\/site\/wp-content\/uploads\/2025\/09\/Plan-de-formacion-PDI-en-competencias-digitales-\u2013-Primer-semestre-25-26_003.jpg\" class=\"attachment-post-thumbnail size-post-thumbnail wp-post-image\" alt=\"Plan de formaci\u00f3n PDI en competencias digitales \u2013 Primer semestre 25-26\" style=\"object-fit:cover;\" srcset=\"https:\/\/virtuva.uva.es\/site\/wp-content\/uploads\/2025\/09\/Plan-de-formacion-PDI-en-competencias-digitales-\u2013-Primer-semestre-25-26_003.jpg 626w, https:\/\/virtuva.uva.es\/site\/wp-content\/uploads\/2025\/09\/Plan-de-formacion-PDI-en-competencias-digitales-\u2013-Primer-semestre-25-26_003-213x300.jpg 213w\" sizes=\"auto, (max-width: 626px) 100vw, 626px\" \/><\/a><\/figure>\n\n<h2 class=\"wp-block-post-title has-medium-font-size\">Plan de formaci\u00f3n PDI en competencias digitales \u2013 Primer semestre 25-26<\/h2>\n<\/li><li class=\"wp-block-post post-3020 post type-post status-publish format-standard has-post-thumbnail hentry category-formacion-permanente category-formacion-pdi\">\n<figure class=\"wp-block-post-featured-image\"><a href=\"https:\/\/virtuva.uva.es\/site\/plan-de-formacion-del-profesorado-primer-semestre-25-26\/\" target=\"_self\"  ><img loading=\"lazy\" decoding=\"async\" width=\"597\" height=\"851\" src=\"https:\/\/virtuva.uva.es\/site\/wp-content\/uploads\/2025\/09\/Plan-de-formacion-del-profesorado-del-primer-semestre-25-26.jpg\" class=\"attachment-post-thumbnail size-post-thumbnail wp-post-image\" alt=\"Plan de formaci\u00f3n del profesorado \u2013 Primer semestre 25-26\" style=\"object-fit:cover;\" srcset=\"https:\/\/virtuva.uva.es\/site\/wp-content\/uploads\/2025\/09\/Plan-de-formacion-del-profesorado-del-primer-semestre-25-26.jpg 597w, https:\/\/virtuva.uva.es\/site\/wp-content\/uploads\/2025\/09\/Plan-de-formacion-del-profesorado-del-primer-semestre-25-26-210x300.jpg 210w\" sizes=\"auto, (max-width: 597px) 100vw, 597px\" \/><\/a><\/figure>\n\n<h2 class=\"wp-block-post-title has-medium-font-size\">Plan de formaci\u00f3n del profesorado \u2013 Primer semestre 25-26<\/h2>\n<\/li><li class=\"wp-block-post post-2535 post type-post status-publish format-standard has-post-thumbnail hentry category-formacion-permanente category-formacion-pdi\">\n<figure class=\"wp-block-post-featured-image\"><a href=\"https:\/\/virtuva.uva.es\/site\/plan-de-formacion-del-profesorado-segundo-semestre-24-25\/\" target=\"_self\"  ><img loading=\"lazy\" decoding=\"async\" width=\"1166\" height=\"1656\" src=\"https:\/\/virtuva.uva.es\/site\/wp-content\/uploads\/2025\/01\/2425_2S_plan_formacion_pdi.jpg\" class=\"attachment-post-thumbnail size-post-thumbnail wp-post-image\" alt=\"Plan de formaci\u00f3n del profesorado \u2013 Segundo semestre 24-25\" style=\"object-fit:cover;\" srcset=\"https:\/\/virtuva.uva.es\/site\/wp-content\/uploads\/2025\/01\/2425_2S_plan_formacion_pdi.jpg 1166w, https:\/\/virtuva.uva.es\/site\/wp-content\/uploads\/2025\/01\/2425_2S_plan_formacion_pdi-211x300.jpg 211w, https:\/\/virtuva.uva.es\/site\/wp-content\/uploads\/2025\/01\/2425_2S_plan_formacion_pdi-721x1024.jpg 721w, https:\/\/virtuva.uva.es\/site\/wp-content\/uploads\/2025\/01\/2425_2S_plan_formacion_pdi-768x1091.jpg 768w, https:\/\/virtuva.uva.es\/site\/wp-content\/uploads\/2025\/01\/2425_2S_plan_formacion_pdi-1082x1536.jpg 1082w\" sizes=\"auto, (max-width: 1166px) 100vw, 1166px\" \/><\/a><\/figure>\n\n<h2 class=\"wp-block-post-title has-medium-font-size\">Plan de formaci\u00f3n del profesorado \u2013 Segundo semestre 24-25<\/h2>\n<\/li><li class=\"wp-block-post post-2508 post type-post status-publish format-standard has-post-thumbnail hentry category-formacion-permanente category-formacion-pdi\">\n<figure class=\"wp-block-post-featured-image\"><a href=\"https:\/\/virtuva.uva.es\/site\/plan-de-formacion-pdi-en-competencias-digitales-segundo-semestre-24-25\/\" target=\"_self\"  ><img loading=\"lazy\" decoding=\"async\" width=\"1200\" height=\"1699\" src=\"https:\/\/virtuva.uva.es\/site\/wp-content\/uploads\/2024\/12\/24_25-Plan-DigComp-PDI_2.jpg\" class=\"attachment-post-thumbnail size-post-thumbnail wp-post-image\" alt=\"Plan de formaci\u00f3n PDI en competencias digitales \u2013 Segundo semestre 24-25\" style=\"object-fit:cover;\" srcset=\"https:\/\/virtuva.uva.es\/site\/wp-content\/uploads\/2024\/12\/24_25-Plan-DigComp-PDI_2.jpg 1200w, https:\/\/virtuva.uva.es\/site\/wp-content\/uploads\/2024\/12\/24_25-Plan-DigComp-PDI_2-212x300.jpg 212w, https:\/\/virtuva.uva.es\/site\/wp-content\/uploads\/2024\/12\/24_25-Plan-DigComp-PDI_2-723x1024.jpg 723w, https:\/\/virtuva.uva.es\/site\/wp-content\/uploads\/2024\/12\/24_25-Plan-DigComp-PDI_2-768x1087.jpg 768w, https:\/\/virtuva.uva.es\/site\/wp-content\/uploads\/2024\/12\/24_25-Plan-DigComp-PDI_2-1085x1536.jpg 1085w\" sizes=\"auto, (max-width: 1200px) 100vw, 1200px\" \/><\/a><\/figure>\n\n<h2 class=\"wp-block-post-title has-medium-font-size\">Plan de formaci\u00f3n PDI en competencias digitales \u2013 Segundo semestre 24-25<\/h2>\n<\/li><li class=\"wp-block-post post-2422 post type-post status-publish format-standard has-post-thumbnail hentry category-formacion-permanente category-formacion-pdi\">\n<figure class=\"wp-block-post-featured-image\"><a href=\"https:\/\/virtuva.uva.es\/site\/plan-de-formacion-pdi-en-competencias-digitales-primer-semestre-24-25\/\" target=\"_self\"  ><img loading=\"lazy\" decoding=\"async\" width=\"1810\" height=\"2560\" src=\"https:\/\/virtuva.uva.es\/site\/wp-content\/uploads\/2024\/09\/PORTADA-CompDig-PDI-scaled.jpg\" class=\"attachment-post-thumbnail size-post-thumbnail wp-post-image\" alt=\"Plan de formaci\u00f3n PDI en competencias digitales \u2013 Primer semestre 24-25\" style=\"object-fit:cover;\" srcset=\"https:\/\/virtuva.uva.es\/site\/wp-content\/uploads\/2024\/09\/PORTADA-CompDig-PDI-scaled.jpg 1810w, https:\/\/virtuva.uva.es\/site\/wp-content\/uploads\/2024\/09\/PORTADA-CompDig-PDI-212x300.jpg 212w, https:\/\/virtuva.uva.es\/site\/wp-content\/uploads\/2024\/09\/PORTADA-CompDig-PDI-724x1024.jpg 724w, https:\/\/virtuva.uva.es\/site\/wp-content\/uploads\/2024\/09\/PORTADA-CompDig-PDI-768x1086.jpg 768w, https:\/\/virtuva.uva.es\/site\/wp-content\/uploads\/2024\/09\/PORTADA-CompDig-PDI-1086x1536.jpg 1086w, https:\/\/virtuva.uva.es\/site\/wp-content\/uploads\/2024\/09\/PORTADA-CompDig-PDI-1448x2048.jpg 1448w\" sizes=\"auto, (max-width: 1810px) 100vw, 1810px\" \/><\/a><\/figure>\n\n<h2 class=\"wp-block-post-title has-medium-font-size\">Plan de formaci\u00f3n PDI en competencias digitales \u2013 Primer semestre 24-25<\/h2>\n<\/li><li class=\"wp-block-post post-2412 post type-post status-publish format-standard has-post-thumbnail hentry category-formacion-permanente category-formacion-pdi\">\n<figure class=\"wp-block-post-featured-image\"><a href=\"https:\/\/virtuva.uva.es\/site\/plan-de-formacion-del-profesorado-primer-semestre-24-25\/\" target=\"_self\"  ><img loading=\"lazy\" decoding=\"async\" width=\"1414\" height=\"2000\" src=\"https:\/\/virtuva.uva.es\/site\/wp-content\/uploads\/2024\/09\/PORTADAS-FORMACION-COMPETENCIAS-DIGITALES.png\" class=\"attachment-post-thumbnail size-post-thumbnail wp-post-image\" alt=\"Plan de formaci\u00f3n del profesorado \u2013 Primer semestre 24-25\" style=\"object-fit:cover;\" srcset=\"https:\/\/virtuva.uva.es\/site\/wp-content\/uploads\/2024\/09\/PORTADAS-FORMACION-COMPETENCIAS-DIGITALES.png 1414w, https:\/\/virtuva.uva.es\/site\/wp-content\/uploads\/2024\/09\/PORTADAS-FORMACION-COMPETENCIAS-DIGITALES-212x300.png 212w, https:\/\/virtuva.uva.es\/site\/wp-content\/uploads\/2024\/09\/PORTADAS-FORMACION-COMPETENCIAS-DIGITALES-724x1024.png 724w, https:\/\/virtuva.uva.es\/site\/wp-content\/uploads\/2024\/09\/PORTADAS-FORMACION-COMPETENCIAS-DIGITALES-768x1086.png 768w, https:\/\/virtuva.uva.es\/site\/wp-content\/uploads\/2024\/09\/PORTADAS-FORMACION-COMPETENCIAS-DIGITALES-1086x1536.png 1086w\" sizes=\"auto, (max-width: 1414px) 100vw, 1414px\" \/><\/a><\/figure>\n\n<h2 class=\"wp-block-post-title has-medium-font-size\">Plan de formaci\u00f3n del profesorado \u2013 Primer semestre 24-25<\/h2>\n<\/li><li class=\"wp-block-post post-1945 post type-post status-publish format-standard has-post-thumbnail hentry category-formacion-permanente category-formacion-pdi\">\n<figure class=\"wp-block-post-featured-image\"><a href=\"https:\/\/virtuva.uva.es\/site\/plan-de-formacion-del-profesorado-segundo-semestre-23-24\/\" target=\"_self\"  ><img loading=\"lazy\" decoding=\"async\" width=\"1414\" height=\"2000\" src=\"https:\/\/virtuva.uva.es\/site\/wp-content\/uploads\/2024\/01\/Plan-de-formacion-PID.jpg\" class=\"attachment-post-thumbnail size-post-thumbnail wp-post-image\" alt=\"Plan de formaci\u00f3n del profesorado \u2013 Segundo semestre 23-24\" style=\"object-fit:cover;\" srcset=\"https:\/\/virtuva.uva.es\/site\/wp-content\/uploads\/2024\/01\/Plan-de-formacion-PID.jpg 1414w, https:\/\/virtuva.uva.es\/site\/wp-content\/uploads\/2024\/01\/Plan-de-formacion-PID-212x300.jpg 212w, https:\/\/virtuva.uva.es\/site\/wp-content\/uploads\/2024\/01\/Plan-de-formacion-PID-724x1024.jpg 724w, https:\/\/virtuva.uva.es\/site\/wp-content\/uploads\/2024\/01\/Plan-de-formacion-PID-768x1086.jpg 768w, https:\/\/virtuva.uva.es\/site\/wp-content\/uploads\/2024\/01\/Plan-de-formacion-PID-1086x1536.jpg 1086w\" sizes=\"auto, (max-width: 1414px) 100vw, 1414px\" \/><\/a><\/figure>\n\n<h2 class=\"wp-block-post-title has-medium-font-size\">Plan de formaci\u00f3n del profesorado \u2013 Segundo semestre 23-24<\/h2>\n<\/li><li class=\"wp-block-post post-1901 post type-post status-publish format-standard has-post-thumbnail hentry category-formacion-permanente category-formacion-pdi\">\n<figure class=\"wp-block-post-featured-image\"><a href=\"https:\/\/virtuva.uva.es\/site\/plan-de-formacion-del-profesorado-en-competencias-digitales-segundo-semestre-23-24\/\" target=\"_self\"  ><img loading=\"lazy\" decoding=\"async\" width=\"1414\" height=\"2000\" src=\"https:\/\/virtuva.uva.es\/site\/wp-content\/uploads\/2024\/01\/PORTADAS-FCD-PDI.png\" class=\"attachment-post-thumbnail size-post-thumbnail wp-post-image\" alt=\"Plan de formaci\u00f3n del profesorado en competencias digitales \u2013 Segundo semestre 23-24\" style=\"object-fit:cover;\" srcset=\"https:\/\/virtuva.uva.es\/site\/wp-content\/uploads\/2024\/01\/PORTADAS-FCD-PDI.png 1414w, https:\/\/virtuva.uva.es\/site\/wp-content\/uploads\/2024\/01\/PORTADAS-FCD-PDI-212x300.png 212w, https:\/\/virtuva.uva.es\/site\/wp-content\/uploads\/2024\/01\/PORTADAS-FCD-PDI-724x1024.png 724w, https:\/\/virtuva.uva.es\/site\/wp-content\/uploads\/2024\/01\/PORTADAS-FCD-PDI-768x1086.png 768w, https:\/\/virtuva.uva.es\/site\/wp-content\/uploads\/2024\/01\/PORTADAS-FCD-PDI-1086x1536.png 1086w\" sizes=\"auto, (max-width: 1414px) 100vw, 1414px\" \/><\/a><\/figure>\n\n<h2 class=\"wp-block-post-title has-medium-font-size\">Plan de formaci\u00f3n del profesorado en competencias digitales \u2013 Segundo semestre 23-24<\/h2>\n<\/li><li class=\"wp-block-post post-1738 post type-post status-publish format-standard has-post-thumbnail hentry category-formacion-permanente category-formacion-pdi\">\n<figure class=\"wp-block-post-featured-image\"><a href=\"https:\/\/virtuva.uva.es\/site\/plan-de-formacion-de-estudiantes-en-competencias-digitales-primer-semestre-23-24\/\" target=\"_self\"  ><img loading=\"lazy\" decoding=\"async\" width=\"606\" height=\"855\" src=\"https:\/\/virtuva.uva.es\/site\/wp-content\/uploads\/2023\/10\/planFormacionPDI_CD_1S_2324.jpg\" class=\"attachment-post-thumbnail size-post-thumbnail wp-post-image\" alt=\"Plan de formaci\u00f3n del profesorado  en competencias digitales \u2013 Primer semestre 23-24\" style=\"object-fit:cover;\" srcset=\"https:\/\/virtuva.uva.es\/site\/wp-content\/uploads\/2023\/10\/planFormacionPDI_CD_1S_2324.jpg 606w, https:\/\/virtuva.uva.es\/site\/wp-content\/uploads\/2023\/10\/planFormacionPDI_CD_1S_2324-213x300.jpg 213w\" sizes=\"auto, (max-width: 606px) 100vw, 606px\" \/><\/a><\/figure>\n\n<h2 class=\"wp-block-post-title has-medium-font-size\">Plan de formaci\u00f3n del profesorado  en competencias digitales \u2013 Primer semestre 23-24<\/h2>\n<\/li><li class=\"wp-block-post post-1657 post type-post status-publish format-standard has-post-thumbnail hentry category-formacion-permanente category-formacion-pdi\">\n<figure class=\"wp-block-post-featured-image\"><a href=\"https:\/\/virtuva.uva.es\/site\/plan-de-formacion-del-profesorado-primer-semestre-23-24\/\" target=\"_self\"  ><img loading=\"lazy\" decoding=\"async\" width=\"400\" height=\"565\" src=\"https:\/\/virtuva.uva.es\/site\/wp-content\/uploads\/2023\/09\/planFormacionPDI_1S_2324-e1695019053852.jpg\" class=\"attachment-post-thumbnail size-post-thumbnail wp-post-image\" alt=\"Plan de formaci\u00f3n del profesorado \u2013 Primer semestre 23-24\" style=\"object-fit:cover;\" srcset=\"https:\/\/virtuva.uva.es\/site\/wp-content\/uploads\/2023\/09\/planFormacionPDI_1S_2324-e1695019053852.jpg 400w, https:\/\/virtuva.uva.es\/site\/wp-content\/uploads\/2023\/09\/planFormacionPDI_1S_2324-e1695019053852-212x300.jpg 212w\" sizes=\"auto, (max-width: 400px) 100vw, 400px\" \/><\/a><\/figure>\n\n<h2 class=\"wp-block-post-title has-medium-font-size\">Plan de formaci\u00f3n del profesorado \u2013 Primer semestre 23-24<\/h2>\n<\/li><li class=\"wp-block-post post-825 post type-post status-publish format-standard has-post-thumbnail hentry category-formacion-permanente category-formacion-pdi\">\n<figure class=\"wp-block-post-featured-image\"><a href=\"https:\/\/virtuva.uva.es\/site\/plan-de-formacion-del-profesorado-segundo-semestre-22-23\/\" target=\"_self\"  ><img loading=\"lazy\" decoding=\"async\" width=\"358\" height=\"354\" src=\"https:\/\/virtuva.uva.es\/site\/wp-content\/uploads\/2023\/02\/formacionpdi_2S_2223-e1675776206896.png\" class=\"attachment-post-thumbnail size-post-thumbnail wp-post-image\" alt=\"Plan de formaci\u00f3n del profesorado &#8211; Segundo semestre 22-23\" style=\"object-fit:cover;\" srcset=\"https:\/\/virtuva.uva.es\/site\/wp-content\/uploads\/2023\/02\/formacionpdi_2S_2223-e1675776206896.png 358w, https:\/\/virtuva.uva.es\/site\/wp-content\/uploads\/2023\/02\/formacionpdi_2S_2223-e1675776206896-300x297.png 300w\" sizes=\"auto, (max-width: 358px) 100vw, 358px\" \/><\/a><\/figure>\n\n<h2 class=\"wp-block-post-title has-medium-font-size\">Plan de formaci\u00f3n del profesorado &#8211; Segundo semestre 22-23<\/h2>\n<\/li><\/ul>\n\n<\/div>\n\n\n\n<div class=\"wp-block-columns is-layout-flex wp-container-core-columns-is-layout-9d6595d7 wp-block-columns-is-layout-flex\">\n<div class=\"wp-block-column is-layout-flow wp-block-column-is-layout-flow\" style=\"flex-basis:80%\">\n<p><\/p>\n<\/div>\n\n\n\n<div class=\"wp-block-column is-layout-flow wp-block-column-is-layout-flow\" style=\"flex-basis:33.33%\"><\/div>\n<\/div>\n\n\n\n<p><\/p>\n","protected":false},"excerpt":{"rendered":"<p>Solicitud de cursos de formaci\u00f3n docente Si tu titulaci\u00f3n o Centro necesita cursos de formaci\u00f3n espec\u00edfica, puedes enviar tu propuesta a nuestra direcci\u00f3n de correo electr\u00f3nico: virtuva@uva.es. La modalidad de los cursos puede ser presencial, semipresencial o completamente virtual. La financiaci\u00f3n de estos \u00abcursos a medida\u00bb debe ser asumida a partes iguales por el Centro [&hellip;]<\/p>\n","protected":false},"author":1,"featured_media":0,"parent":55,"menu_order":0,"comment_status":"closed","ping_status":"open","template":"fullwidth.php","meta":{"videodestacado":"","videodestacado_sr":"","footnotes":""},"categories":[],"tags":[],"class_list":["post-2","page","type-page","status-publish","hentry"],"_links":{"self":[{"href":"https:\/\/virtuva.uva.es\/site\/wp-json\/wp\/v2\/pages\/2","targetHints":{"allow":["GET"]}}],"collection":[{"href":"https:\/\/virtuva.uva.es\/site\/wp-json\/wp\/v2\/pages"}],"about":[{"href":"https:\/\/virtuva.uva.es\/site\/wp-json\/wp\/v2\/types\/page"}],"author":[{"embeddable":true,"href":"https:\/\/virtuva.uva.es\/site\/wp-json\/wp\/v2\/users\/1"}],"replies":[{"embeddable":true,"href":"https:\/\/virtuva.uva.es\/site\/wp-json\/wp\/v2\/comments?post=2"}],"version-history":[{"count":51,"href":"https:\/\/virtuva.uva.es\/site\/wp-json\/wp\/v2\/pages\/2\/revisions"}],"predecessor-version":[{"id":3814,"href":"https:\/\/virtuva.uva.es\/site\/wp-json\/wp\/v2\/pages\/2\/revisions\/3814"}],"up":[{"embeddable":true,"href":"https:\/\/virtuva.uva.es\/site\/wp-json\/wp\/v2\/pages\/55"}],"wp:attachment":[{"href":"https:\/\/virtuva.uva.es\/site\/wp-json\/wp\/v2\/media?parent=2"}],"wp:term":[{"taxonomy":"category","embeddable":true,"href":"https:\/\/virtuva.uva.es\/site\/wp-json\/wp\/v2\/categories?post=2"},{"taxonomy":"post_tag","embeddable":true,"href":"https:\/\/virtuva.uva.es\/site\/wp-json\/wp\/v2\/tags?post=2"}],"curies":[{"name":"wp","href":"https:\/\/api.w.org\/{rel}","templated":true}]}}